6) - (-2)/8. Let v = j + a. Calculate the greatest common divisor of 60 and v.
12
Let o(n) = 126*n**2 + n + 2. Let i be o(-1). Suppose 5*x = -527 + i. Let g = -74 - x. Calculate the greatest common divisor of g and 12.
6
Let w be (45/5 - -1)*70/4. Calculate the highest common factor of 65 and w.
5
Suppose 0 = 17*g - 189 - 15. Suppose 728 = g*u - 2044. Calculate the greatest common divisor of u and 99.
33
Suppose 33 = -14*w + 3197. Let o = w - 118. Let u be 25 + (-1)/(-2)*4. What is the greatest common divisor of u and o?
27
Suppose -2*t = 35 - 45. Let o(x) = x**3 - 7*x**2 - 29*x + 35. Let f be o(11). What is the greatest common divisor of f and t?
5
Let j = 10938 - 10906. What is the highest common divisor of 152 and j?
8
Suppose 0 = 3*f - 7*f + 8. Suppose 0*v - 6 = -f*a + 2*v, -2*a = 5*v + 8. Suppose -m + a = -3. What is the greatest common divisor of m and 8?
4
Let n be 216/2 - (3 - 1). Suppose -4*x + n = 2*q, -2*q = -6*x + 2*x + 118. Calculate the highest common factor of 140 and x.
28
Let j(b) = 2*b**3 - 67*b**2 + 78*b + 139. Let x be j(33). Calculate the highest common factor of 1044 and x.
116
Let l be 3/(-10) + ((-108)/(-180) - (-174)/20). Let h be 3/(-2)*2*1. Let f be 6*(9/(-2))/h. Calculate the highest common divisor of f and l.
9
Let n(d) = d**2 - 17*d + 55. Let r be n(13). Let x(w) = w + 75. Let s be x(0). Calculate the greatest common factor of r and s.
3
Let w = -10255 + 10258. Let t(h) = 10*h + 1. Let v be t(2). Suppose 3*o + v = d, 50 = -3*d + 5*d + 2*o. Calculate the greatest common divisor of d and w.
3
Suppose 3*n - 2 = -20. Let s be (4/n)/((-16)/72). Suppose -8*v + 12*v - 36 = 0. Calculate the greatest common factor of s and v.
3
Let z be ((-8)/6)/((-2)/24). Suppose 375*p - 5934 = -314*p - 891*p + 386. What is the highest common factor of p and z?
4
Let f be -63*(2 + 0 - 30). Let p be -6*(-3)/(-12)*f/(-14). Calculate the greatest common factor of p and 42.
21
Let i be 14/(112/(-30))*8. Let c = i + 38. What is the highest common factor of c and 84?
4
Let w(p) = 176*p - 740. Let a be w(5). Calculate the greatest common divisor of 1512 and a.
28
Let w be 24 + -20 + (11 - 1). Let s be 1/(-1 + 180/175). Calculate the greatest common divisor of s and w.
7
Suppose -6*g = 204 - 1086. Suppose 7*b - g = 238. What is the greatest common factor of b and 11?
11
Suppose 5*a - h = 32, 22 = -237*a + 242*a + 4*h. Calculate the highest common divisor of 813 and a.
3
Let v = 965 + -221. Calculate the greatest common divisor of v and 837.
93
Let f be (-3 + (-9)/(-6))*-2. Suppose -2*l + 129 = 2*v + 49, -80 = -2*l + f*v. What is the highest common divisor of 8 and l?
8
Suppose 44 = 9*n - 109. Let a = -10 - n. Let q be 6/a + 74/9. Calculate the highest common divisor of q and 24.
8
Let m(t) = -9*t - 30. Let x be m(-6). Let u(a) = 4*a - 2*a + 20*a**2 + 19 - x. Let c be u(-3). Calculate the greatest common divisor of c and 13.
13
Let m be 113295/945 + 1/9. Calculate the highest common factor of 135 and m.
15
Let s(d) = -308*d + 42. Let c be s(0). Calculate the greatest common factor of 2702 and c.
14
Suppose 0 = -6108*k + 6130*k - 13376. What is the highest common divisor of 361 and k?
19
Let j be 132*((-33)/6)/(-1). Let u be ((-198)/21)/((-31)/217). What is the greatest common factor of u and j?
66
Suppose -5*y = -4*f - 558, -18*y = -13*y + f - 548. What is the highest common factor of 99 and y?
11
Suppose 2*f + 1010 = 6*c + 6*f, 0 = 3*c + 5*f - 493. What is the greatest common factor of c and 95?
19
Let m(h) = -35*h**2 - h + 9. Let r be m(0). What is the highest common divisor of 9117 and r?
9
Let o = 41 - 43. Let v(i) = i - 2. Let h be v(o). Let z be (-17)/h + 4/(-16) + 10. Calculate the greatest common divisor of z and 84.
14
Let n(o) = 6*o**3 + 2*o**2 - o + 23. Let p be n(4). Let j = -370 + p. What is the highest common divisor of j and 182?
13
Suppose -5*h = 2 + 88. Let a be (-8)/(-6) + 6/h*-149. Calculate the greatest common factor of a and 68.
17
Suppose 11*z - 132 = -z. Suppose -196 = 4*d - z*d. Calculate the greatest common divisor of 140 and d.
28
Suppose -145*b + 14499 + 69971 = -6735. What is the highest common divisor of b and 74?
37
Let u(p) = 126*p**2 - 2*p - 20. Let n be u(5). Suppose 8*o = -7*o + n. Let w = 28 + -2. Calculate the greatest common divisor of o and w.
26
Let g be (-3 + -1)/(12*4/(-444)). Let c(s) = 84*s**2 + s - 1. Let k be c(-2). Calculate the highest common factor of k and g.
37
Suppose n = -14 + 17. Suppose -n - 10 = -w. Suppose -2*z - 73 = -4*k + 385, -5*k = -2*z - 575. Calculate the highest common divisor of w and k.
13
Let u = 13215 - 12299. What is the greatest common factor of u and 3893?
229
Let m(a) = 786*a - 3032. Let z be m(6). Calculate the greatest common factor of z and 8.
4
Let i = 22820 - 21229. What is the highest common factor of 215 and i?
43
Let b = 114 + -122. Let c be 240/5 - (b - -14). Calculate the greatest common divisor of 4 and c.
2
Let a be (-12)/10*600/(-45). Suppose 4*g = -4 + a. Suppose 0 = -g*h - 3*h + 24. What is the greatest common divisor of h and 36?
4
Let b(y) = -8*y - 15. Let h be b(-5). Let l = h - -2. Suppose 15 - l = -4*u. Calculate the greatest common divisor of 2 and u.
1
Let h(w) = -471*w - 4177. Let m be h(-23). What is the greatest common factor of m and 182?
26
Let n(t) = -t**3 + 35*t**2 + 121*t - 41. Let j be n(38). Let u = 18 + -9. Calculate the greatest common factor of j and u.
9
Let q be (3064/(-16) - -7)*(-6)/9. Let o(a) = 9*a**2 - a + 3. Let h be o(-7). What is the highest common factor of h and q?
41
Suppose 0 = 2*y - 0*y + o - 46, 2*o + 18 = y. Suppose 0 = 5*d - 7*d + 20. Let h(l) = -2*l + 75. Let m be h(d). Calculate the highest common divisor of m and y.
11
Suppose -3*o = -4*j - 11, 5*o + 5*j = 15 + 15. Suppose -o*y + 8*y = 627. Calculate the greatest common divisor of 11 and y.
11
Let n(s) = 5248*s**3 + 7*s - 7. Let m be n(1). What is the highest common factor of m and 123?
41
Let h = 278 + -53. Suppose -h = -0*g - 3*g. Suppose 4*i = 3*o - 53, -4*o - 9*i = -5*i - 52. Calculate the greatest common factor of o and g.
15
Let r be 22152/15 + (6/(-25))/(231/770). Calculate the highest common factor of 36 and r.
36
Let r be -3 + 6 - (127 + 15)*-43. What is the greatest common factor of 447 and r?
149
Suppose 5*x - 185 = -r - 3*r, 135 = 3*r + 3*x. Let f be 1/(1/(-6))*r/(-16). Calculate the greatest common divisor of f and 255.
15
Let s be 30 + -33 - 5/(-1). Suppose 4*l - 3*b + 4 = s*l, 2*l = -b + 4. What is the greatest common factor of 11 and l?
1
Let y(t) = -447*t - 1221. Let w be y(-3). Calculate the greatest common factor of 4440 and w.
120
Suppose 5*k = 5*l - 12105, 3*l + 946 - 8197 = k. Calculate the greatest common divisor of l and 1365.
105
Let s = -232 + 547. What is the highest common divisor of s and 105?
105
Suppose 49*j - 7*j = -5*j + 11891. Calculate the highest common factor of j and 1947.
11
Suppose 29*l - 28*l = 483. Suppose 0 = -16*f + l + 397. Calculate the greatest common factor of 605 and f.
55
Let y be 5/2 + -1 - 4*667/(-232). What is the highest common factor of 8489 and y?
13
Let b(d) = -d**3 - 5*d**2 + 2*d + 15. Let h be b(-5). Suppose -h*z + 19 = -6. Calculate the greatest common factor of 20 and z.
5
Let k = -13851 - -14465. What is the highest common factor of 16 and k?
2
Suppose -10*n = 26 + 4. Let o be (-28)/3 + n/(18/4). Let p = o + 13. Calculate the greatest common factor of p and 24.
3
Let v be 18 - (-48)/((-52)/13). Calculate the greatest common divisor of v and 486.
6
Let f = 864 - 2102. Let c be f/(-8) + 9/(-12). Calculate the greatest common factor of c and 14.
14
Suppose f + 6 = 4. Let y be 30/(f/(5 + -9)). Let j be 78 + 5 + (-3 - 0). What is the greatest common divisor of j and y?
20
Let c be ((-66)/12 - -17)*(2 - -84). Calculate the highest common factor of c and 946.
43
Let k(r) = -11*r**3 + 2*r**2 + 21*r + 1. Let j be k(-6). Calculate the highest common factor of 101 and j.
101
Suppose -220 - 1120 = -67*x. What is the highest common divisor of 6620 and x?
20
Suppose 0 = -53*l + 8451 - 2621. What is the greatest common divisor of 2222 and l?
22
Suppose 113*q + 103*q = 224*q - 912. Calculate the greatest common divisor of q and 144.
6
Let m = 226 - 216. Suppose 0 = -17*v + m*v + 1092. Calculate the greatest common factor 